{"id":5963,"date":"2019-10-26T18:02:29","date_gmt":"2019-10-26T18:02:29","guid":{"rendered":"http:\/\/syroxistoc.com\/?page_id=3"},"modified":"2019-10-26T18:02:29","modified_gmt":"2019-10-26T18:02:29","slug":"gizlilik-politikasi-2","status":"publish","type":"page","link":"https:\/\/www.syroxistoc.com\/?page_id=5963","title":{"rendered":"Gizlilik Politikas\u0131"},"content":{"rendered":"\t\t<div data-elementor-type=\"wp-page\" data-elementor-id=\"5963\" class=\"elementor elementor-5963\">\n\t\t\t\t\t\t<section class=\"elementor-section elementor-top-section elementor-element elementor-element-5b5b4b41 elementor-section-boxed elementor-section-height-default elementor-section-height-default\" data-id=\"5b5b4b41\" data-element_type=\"section\">\n\t\t\t\t\t\t<div class=\"elementor-container elementor-column-gap-default\">\n\t\t\t\t\t<div class=\"elementor-column elementor-col-100 elementor-top-column elementor-element elementor-element-22cb205b\" data-id=\"22cb205b\" data-element_type=\"column\">\n\t\t\t<div class=\"elementor-widget-wrap elementor-element-populated\">\n\t\t\t\t\t\t<div class=\"elementor-element elementor-element-1dfe870d elementor-widget elementor-widget-text-editor\" data-id=\"1dfe870d\" data-element_type=\"widget\" data-widget_type=\"text-editor.default\">\n\t\t\t\t<div class=\"elementor-widget-container\">\n\t\t\t\t\t\t\t<p><!-- wp:heading --><\/p>\n<h2>Biz Kimiz<\/h2>\n<h6><strong>\u00a0Web sitemizin adresi: http:\/\/syroxistoc.com.<\/strong><\/h6>\n<p><!-- \/wp:heading --><!-- wp:paragraph --><!-- \/wp:paragraph --><!-- wp:heading --><\/p>\n<p>Hangi ki\u015fisel verileri topluyoruz ve neden topluyoruz?<\/p>\n<p>Ziyaret\u00e7iler siteye yorum yapt\u0131\u011f\u0131nda, spam tespitine yard\u0131mc\u0131 olmak i\u00e7in yorum formunda g\u00f6sterilen verileri ve ziyaret\u00e7inin IP adresini ve taray\u0131c\u0131 kullan\u0131c\u0131 arac\u0131s\u0131 dizesini toplar\u0131z.<\/p>\n<p><!-- \/wp:heading --><!-- wp:heading {\"level\":3} --><\/p>\n<p><!-- \/wp:heading --><!-- wp:paragraph --><\/p>\n<p><!-- \/wp:paragraph --><!-- wp:paragraph --><\/p>\n<p>Gravatar servisine, kullan\u0131p kullanmad\u0131\u011f\u0131n\u0131z\u0131 anlamak i\u00e7in e-posta adresinizden (bir karma ad\u0131 da verilir) olu\u015fturulan anonim bir dize sa\u011flanabilir. Gravatar servisinin gizlilik politikas\u0131 a\u015fa\u011f\u0131dad\u0131r:<\/p>\n<p>https:\/\/automattic.com\/privacy\/. Yorumunuzu onaylad\u0131ktan sonra, profil resminiz kamuya yorumunuz ba\u011flam\u0131nda g\u00f6r\u00fcn\u00fcr.<\/p>\n<p><!-- \/wp:paragraph --><!-- wp:heading {\"level\":3} --><\/p>\n<h3>Medya<\/h3>\n<p><!-- \/wp:heading --><!-- wp:paragraph --><\/p>\n<p>G\u00f6r\u00fcnt\u00fcleri web sitesine y\u00fcklerseniz, dahil edilmi\u015f konum bilgisi (EXIF GPS) i\u00e7eren g\u00f6r\u00fcnt\u00fcleri y\u00fcklemekten ka\u00e7\u0131nmal\u0131s\u0131n\u0131z. Web sitesini ziyaret edenler, web sitesindeki resimlerden herhangi bir konum verisini indirebilir ve \u00e7\u0131karabilir.<\/p>\n<p><!-- \/wp:paragraph --><!-- wp:heading {\"level\":3} --><\/p>\n<h3>\u0130leti\u015fim formlar\u0131<\/h3>\n<p><!-- \/wp:heading --><!-- wp:paragraph --><\/p>\n<p><br \/>Sitemize yorum yapt\u0131ysan\u0131z ad\u0131n\u0131z\u0131, e-posta adresinizi ve web sitenizi \u00e7erezlere kaydetmeyi se\u00e7ebilirsiniz. Bunlar sizin rahat\u0131n\u0131z i\u00e7indir, b\u00f6ylece ba\u015fka bir yorum b\u0131rakt\u0131\u011f\u0131n\u0131zda bilgilerinizi tekrar doldurman\u0131z gerekmez. Bu \u00e7erezler bir y\u0131l s\u00fcrecek.<\/p>\n<p>\u00a0<\/p>\n<p>Giri\u015f sayfam\u0131z\u0131 ziyaret ederseniz, taray\u0131c\u0131n\u0131z\u0131n \u00e7erezleri kabul edip etmedi\u011fini belirlemek i\u00e7in ge\u00e7ici bir \u00e7erez ayarlayaca\u011f\u0131z. Bu \u00e7erez, ki\u015fisel veri i\u00e7ermez ve taray\u0131c\u0131n\u0131z\u0131 kapatt\u0131\u011f\u0131n\u0131zda at\u0131l\u0131r.<\/p>\n<p>\u00a0<\/p>\n<p>Giri\u015f yapt\u0131\u011f\u0131n\u0131zda, giri\u015f bilgilerinizi ve ekran g\u00f6r\u00fcnt\u00fcleme tercihlerinizi kaydetmek i\u00e7in birka\u00e7 \u00e7erez de kuraca\u011f\u0131z. Giri\u015f \u00e7erezleri iki g\u00fcn boyunca dayan\u0131r ve ekran se\u00e7enekleri \u00e7erezleri bir y\u0131l boyunca dayan\u0131r. &#8220;Beni Hat\u0131rla&#8221; y\u0131 se\u00e7erseniz, giri\u015f bilgileriniz iki hafta boyunca devam eder. Hesab\u0131n\u0131zdan \u00e7\u0131k\u0131\u015f yaparsan\u0131z, giri\u015f \u00e7erezleri kald\u0131r\u0131lacakt\u0131r.<\/p>\n<p>\u00a0<\/p>\n<p>Bir makaleyi d\u00fczenler veya yay\u0131nlarsan\u0131z, taray\u0131c\u0131n\u0131za ek bir \u00e7erez kaydedilir. Bu \u00e7erez, hi\u00e7bir ki\u015fisel veri i\u00e7ermez ve yaln\u0131zca d\u00fczenledi\u011finiz makalenin posta kimli\u011fini g\u00f6sterir. 1 g\u00fcn sonra sona eriyor.<\/p>\n<p>\u00a0<\/p>\n<p>Di\u011fer web sitelerinden gelen g\u00f6m\u00fcl\u00fc i\u00e7erik<\/p>\n<p>\u00a0<\/p>\n<p>Bu sitedeki makaleler g\u00f6m\u00fcl\u00fc i\u00e7erik i\u00e7erebilir (\u00f6r. Videolar, g\u00f6r\u00fcnt\u00fcler, makaleler vb.). Di\u011fer web sitelerinden gelen g\u00f6m\u00fcl\u00fc i\u00e7erik, ziyaret\u00e7iler di\u011fer web sitesini ziyaret etmi\u015f gibi davran\u0131r.<\/p>\n<p>\u00a0<\/p>\n<p>Bu web siteleri, hakk\u0131n\u0131zdaki verileri toplayabilir, \u00e7erezleri kullanabilir, \u00fc\u00e7\u00fcnc\u00fc taraflara ait ek bir izleme ekleyebilir ve bir hesab\u0131n\u0131z varsa ve o web sitesine giri\u015f yapm\u0131\u015fsan\u0131z, g\u00f6m\u00fcl\u00fc i\u00e7erikle etkile\u015fimlerinizi izleme dahil olmak \u00fczere bu g\u00f6m\u00fcl\u00fc i\u00e7erikle etkile\u015fimlerinizi izleyebilir.<\/p>\n<p>\u00a0<\/p>\n<p><!-- \/wp:paragraph --><!-- wp:heading {\"level\":3} --><\/p>\n<h3>Analitik<\/h3>\n<p><!-- \/wp:heading --><!-- wp:heading --><\/p>\n<h2>Verilerinizi kimlerle payla\u015f\u0131yoruz<\/h2>\n<p>\u00a0<\/p>\n<h2>Verilerinizi ne kadar s\u00fcreyle saklar\u0131z<\/h2>\n<p><!-- \/wp:heading --><!-- wp:paragraph --><\/p>\n<p>Bir yorum b\u0131rak\u0131rsan\u0131z, yorum ve meta verileri s\u00fcresiz olarak korunur. Bu, herhangi bir takip yorumunu \u0131l\u0131ml\u0131 s\u0131rada tutmak yerine otomatik olarak tan\u0131yabilir ve onaylayabiliriz.<\/p>\n<p>\u00a0<\/p>\n<p>Web sitemize kaydolan kullan\u0131c\u0131lar i\u00e7in (varsa), sa\u011flad\u0131klar\u0131 ki\u015fisel bilgileri de kullan\u0131c\u0131 profillerinde saklar\u0131z. T\u00fcm kullan\u0131c\u0131lar ki\u015fisel bilgilerini istedikleri zaman g\u00f6rebilir, d\u00fczenleyebilir veya silebilir (kullan\u0131c\u0131 adlar\u0131n\u0131 de\u011fi\u015ftiremezler hari\u00e7). Web sitesi y\u00f6neticileri de bu bilgileri g\u00f6rebilir ve d\u00fczenleyebilir.<\/p>\n<p>\u00a0<\/p>\n<p><!-- \/wp:paragraph --><!-- wp:heading --><\/p>\n<h2>Verileriniz \u00fczerinde hangi haklara sahipsiniz?<\/h2>\n<p><!-- \/wp:heading --><!-- wp:paragraph --><\/p>\n<p>Bu sitede bir hesab\u0131n\u0131z varsa veya yorum b\u0131rakt\u0131ysan\u0131z, bize sa\u011flad\u0131\u011f\u0131n\u0131z veriler de dahil olmak \u00fczere hakk\u0131n\u0131zda tuttu\u011fumuz ki\u015fisel verilere ait ihra\u00e7 edilmi\u015f bir dosyay\u0131 alma talebinde bulunabilirsiniz. Ayr\u0131ca, hakk\u0131n\u0131zdaki herhangi bir ki\u015fisel bilgiyi silmemizi de isteyebilirsiniz. Bu, idari, yasal veya g\u00fcvenlik ama\u00e7l\u0131 tutmak zorunda oldu\u011fumuz hi\u00e7bir veriyi i\u00e7ermez.<\/p>\n<p>\u00a0<\/p>\n<p>Verilerinizi nereye g\u00f6nderiyoruz<\/p>\n<p>\u00a0<\/p>\n<p>Ziyaret\u00e7i yorumlar\u0131 otomatik bir spam alg\u0131lama servisi ile kontrol edilebilir.<\/p>\n<p>\u00a0<\/p>\n<p>\u0130leti\u015fim Bilgileriniz<\/p>\n<p>\u00a0<\/p>\n<p>\u00a0<\/p>\n<p><!-- \/wp:heading --><\/p>\t\t\t\t\t\t<\/div>\n\t\t\t\t<\/div>\n\t\t\t\t\t<\/div>\n\t\t<\/div>\n\t\t\t\t\t<\/div>\n\t\t<\/section>\n\t\t\t\t<\/div>\n\t\t","protected":false},"excerpt":{"rendered":"<p>Biz Kimiz \u00a0Web sitemizin adresi: http:\/\/syroxistoc.com. Hangi ki\u015fisel verileri topluyoruz ve neden topluyoruz? Ziyaret\u00e7iler siteye yorum yapt\u0131\u011f\u0131nda, spam tespitine yard\u0131mc\u0131 olmak i\u00e7in yorum formunda g\u00f6sterilen verileri ve ziyaret\u00e7inin IP adresini ve taray\u0131c\u0131 kullan\u0131c\u0131 arac\u0131s\u0131 dizesini toplar\u0131z. Gravatar servisine, kullan\u0131p kullanmad\u0131\u011f\u0131n\u0131z\u0131 anlamak i\u00e7in e-posta adresinizden (bir karma ad\u0131 da verilir) olu\u015fturulan anonim bir dize sa\u011flanabilir. Gravatar [&hellip;]<\/p>\n","protected":false},"author":1,"featured_media":0,"parent":0,"menu_order":0,"comment_status":"closed","ping_status":"closed","template":"","meta":{"footnotes":""},"class_list":["post-5963","page","type-page","status-publish","hentry","entry","wvn-thumbs-layout-horizontal","wvn-btn-normal","wvn-tabs-layout-horizontal","has-no-thumbnails"],"_links":{"self":[{"href":"https:\/\/www.syroxistoc.com\/index.php?rest_route=\/wp\/v2\/pages\/5963","targetHints":{"allow":["GET"]}}],"collection":[{"href":"https:\/\/www.syroxistoc.com\/index.php?rest_route=\/wp\/v2\/pages"}],"about":[{"href":"https:\/\/www.syroxistoc.com\/index.php?rest_route=\/wp\/v2\/types\/page"}],"author":[{"embeddable":true,"href":"https:\/\/www.syroxistoc.com\/index.php?rest_route=\/wp\/v2\/users\/1"}],"replies":[{"embeddable":true,"href":"https:\/\/www.syroxistoc.com\/index.php?rest_route=%2Fwp%2Fv2%2Fcomments&post=5963"}],"version-history":[{"count":0,"href":"https:\/\/www.syroxistoc.com\/index.php?rest_route=\/wp\/v2\/pages\/5963\/revisions"}],"wp:attachment":[{"href":"https:\/\/www.syroxistoc.com\/index.php?rest_route=%2Fwp%2Fv2%2Fmedia&parent=5963"}],"curies":[{"name":"wp","href":"https:\/\/api.w.org\/{rel}","templated":true}]}}